k = 34 - 31. Give a(k).
-2
Let t(w) = w**2 - 6*w + 6. Let g be t(4). Suppose 0 = -2*d - d. Let o be d + g + 8 + 0. Let l(p) = p**2 - 7*p + 6. Give l(o).
0
Let a be (-2)/8*(-4 - -4). Let k(p) = -p**3 + p**2 - 3. Give k(a).
-3
Let r(z) = -z**2 - 4*z. Suppose 2*f - 2 = g, f + 3*f - 8 = g. Suppose 0 = -5*l + m - 10, f*m - m = -4*l - 8. Let a be ((-10)/3)/(l/(-3)). Determine r(a).
-5
Let m(u) = -u**2 - 7*u - 7. Let g be 1/2*(-42)/3*1. Calculate m(g).
-7
Let u(o) = 0*o + o**3 - 401 + o + 402 + o**2. What is u(-2)?
-5
Let f(t) be the third derivative of t**8/6720 + t**7/504 - t**6/90 - t**5/40 - 5*t**4/24 + 2*t**2. Let l(v) be the second derivative of f(v). Give l(-6).
9
Let r(p) = -p**3 + 2*p**2 + p + 1. Let m = 22 - 19. What is r(m)?
-5
Suppose -4*q + 5 + 7 = 0. Suppose -20 = 5*g - 5*f, -3*g + g + q*f = 8. Let a = g - -8. Let b(i) = -i**3 + 4*i**2 + i. Give b(a).
4
Let v(j) = j**3 - 211*j - 1 + 216*j + 5 - 7*j**2. Calculate v(6).
-2
Let f(n) = -14*n**3 - 2*n + 1. Suppose 0 = -0*d + 8*d - 8. What is f(d)?
-15
Suppose h - 5 = -1. Let t(w) = -8*w + 2*w - h*w. Determine t(1).
-10
Let u be (6/(-9))/(2/(-15)). Let m(x) = -3 - 3 + 6*x - 4*x. Give m(u).
4
Let z(y) = -y**2 + 8*y + 4. Let h = 109 + -102. Calculate z(h).
11
Let i(q) = q**3 + 8*q**2 - 2*q + 2. Let m(s) = 3*s + 52. Let z be m(-20). What is i(z)?
18
Suppose 0 = 2*n - 2. Let j be (-6)/((-1)/n) - 3. Let o(k) = 0 - 4 - j - k**2 + 3. Determine o(0).
-4
Suppose 0 = 2*j + g - 3, 4*j - 2*g = g + 1. Let b be (20/(-8))/(2/(-4)). Let l(c) = -3*c + b*c**2 + c + 1 - 5*c**2 + 7*c**2. Calculate l(j).
6
Let u be 1*(4 - 4/2). Let q(x) = 5*x - 3. Let m(j) = j. Let l(w) = 4*m(w) - q(w). Let s(d) = -d + 2. Let o(h) = -3*l(h) + 5*s(h). Calculate o(u).
-3
Let x(h) = h**2 + 10*h + 6. Let g = 67 + -77. Determine x(g).
6
Let v = 5 - 1. Let c(g) = -3*g + 2. Let p be c(-2). Suppose v = 4*w - p. Let q(a) = -a + 3. What is q(w)?
0
Let l(x) = -2*x**3 + 2*x**2 + 2 + 0*x**3 + 3*x**3 + 4*x. Suppose 19 = 3*v + a + 4*a, 18 = 2*v - 2*a. Let h = 6 - v. Give l(h).
-6
Let s be 3 + 4/(-8)*-2. Suppose 4*k = -4*t, -s*k = -t - 3 + 18. Let i(w) = w + 3. What is i(k)?
0
Let p(z) = -z**3 + 5*z**2 + 6*z - 3. Suppose -17 = -d - 2*b, 2*b = 5*d + b - 74. Let m = d + -9. What is p(m)?
-3
Let t(h) = h**3 + h**2 - h + 2. Let i be t(0). Let d(b) = -b**3 + 4*b - 3 + 3*b - 3*b + b**2. Give d(i).
1
Let b be 10/4 + (-5)/10. Suppose -d = -b*d. Let g(m) = m**2 - m - 5. Calculate g(d).
-5
Suppose 4*b + b = -5*w - 30, b + 2 = 3*w. Let u = b - -7. Suppose -u = -l - 4*j, -j + 3 = 2*j. Let z(v) = v**3 + v**2 - 3*v - 3. What is z(l)?
-1
Let g(w) be the first derivative of -w**2 - 6*w - 18. Give g(-8).
10
Let r(h) = -10*h**2 + 17*h - 2. Let t(d) = 7*d**2 - 11*d + 1. Let u(k) = -5*r(k) - 7*t(k). Give u(6).
-9
Let h(p) = -2*p - 8. Let a = 42 - 49. Give h(a).
6
Suppose -8 = -3*a - 4*n - 1, -4*a + n + 22 = 0. Suppose -a*r = -0*r. Let l(q) = 2 + 4*q - 5*q + 2 - q**2 + 2. Calculate l(r).
6
Let h be (-1)/5 - 1/(-5). Suppose h = 4*p - 5*l + 8, -p - 5*l = 1 - 24. Let j(b) = b - 2 - 4 + 2 + p. What is j(-1)?
-2
Suppose -12 = -25*t + 27*t. Let k(d) be the first derivative of d**3/3 + 7*d**2/2 + 5*d + 1. What is k(t)?
-1
Let q = 7 + -6. Let n be q*((-1 - -3) + -6). Let l(v) = 6*v**2 + 3*v - 5. Let h(r) = -5*r**2 - 3*r + 5. Let g(s) = 5*h(s) + 4*l(s). Give g(n).
1
Let w(x) = -x**3 + 3*x**2 + x - 1. Let s be w(3). Let v(p) = -2*p**2 - 3 + s - 3 + 6. Let y(i) = i - 1. Let r be y(-1). Give v(r).
-6
Suppose 6*j - 12 = 2*j. Let r(d) = d**3 + d**2 + 1. Let q(c) = 2*c**3 + 5*c**2 + 3*c + 3. Let h(m) = -q(m) + 3*r(m). Determine h(j).
0
Suppose 0 = 2*g - 2*l + 14, -2*g - g = 5*l + 13. Let a(m) = -m**2 - 5*m + 5. Determine a(g).
-1
Let i = -1 + -1. Let r be i/10 + (-58)/10. Let o(b) = -b**3 - 7*b**2 - 7*b - 5. What is o(r)?
1
Let i be (0 + -2)/(2/1). Let y(r) be the second derivative of 3*r**5/10 - r**2/2 - 4*r. What is y(i)?
-7
Let b(q) = 5*q - 2. Let g be b(3). Let j = 9 - g. Let z(m) = -m - 1. What is z(j)?
3
Let u(h) = -122*h + 115*h + 4 - 3*h**2 + 2*h**2 + 0*h**2. Calculate u(-7).
4
Let b = 1 - 1. Let z(r) = 3*r - 11. Let d(n) = 4*n - 12. Let t = -41 + 38. Let s(l) = t*z(l) + 2*d(l). What is s(b)?
9
Let h = 19 + -11. Let p(y) = 0*y - h + 2*y - y. Let w be 4/(-10) - 66/(-15). Give p(w).
-4
Suppose -2*q + 6*q = -8. Let c(v) = -v**3 + 2*v**2 + v - 1. Calculate c(q).
13
Let h(y) = -y + 1. Let n(t) = t + 7. Let f(l) = 6*h(l) - n(l). Let b be 105/20 - 1/4. Suppose 4*u + u = -b. What is f(u)?
6
Let b(k) = -k**2 + 4*k - 4. Let m be b(4). Let l(u) = -5 + u - 5*u + 1 - 4*u. Let g(h) = -9*h - 4. Let s(y) = -6*g(y) + 7*l(y). What is s(m)?
4
Let a(j) = -j**2 + 4*j + 1. Let y(v) = v**2 + 3*v - 1. Let h(s) = -2*s - 1. Let c be h(-1). Let t = c + -5. Let k be y(t). Determine a(k).
4
Let x(j) be the third derivative of j**4/24 + 5*j**3/3 + 12*j**2. Give x(0).
10
Suppose -6*m + m = 5, -2*v - 3*m + 1 = 0. Let q be 2 + 0 + 0 + 1. Let t(n) = 0*n - n**3 - q*n**v - 1 + 6*n**2 + 2*n. What is t(3)?
5
Let b be -2 + (2 + -1)*0. Let j(w) = 1 + 2*w**2 + w**3 - 1095*w + 1095*w. Calculate j(b).
1
Let k(t) = -5*t + 7. Let n(l) = 4*l - 5. Let d(x) = 3*k(x) + 4*n(x). Let z = -2 + 6. Calculate d(z).
5
Suppose 3*h + 3 = 0, 8*g - 3*g - 5*h = 15. Let n(u) = g*u + 5 + 3*u - 7*u + 3. Determine n(7).
-6
Let k(p) = -p - 1. Let r = 1 - -4. Suppose -b = -2*b + r. Calculate k(b).
-6
Let d(l) be the first derivative of l**4/4 - l**3 - l**2 + 1. What is d(3)?
-6
Let j(l) = -l**3 - 6*l**2 + l + 7. Let v(s) = -s**2 + 14*s + 3. Let n be v(11). Suppose 3*b - n = 4*a, -4*a + 1 = 4*b + 9. Give j(a).
1
Let f(t) = -t**3 + 6*t**2 + 6*t + 5. Let p = 22 + -15. Determine f(p).
-2
Let u(b) = -b**2 - 2*b + 3. Suppose -2*z - 21 = -5*y, 0*z - 3*y + 17 = z. Give u(z).
-5
Let x(t) be the third derivative of t**6/120 + 7*t**5/60 - 5*t**3/6 + 2*t**2. Calculate x(-7).
-5
Let h(q) be the first derivative of -4/3*q**3 - 2*q**2 - 3*q + 1/4*q**4 - 3. Give h(5).
2
Let p be (3/(-2))/(2/(-4)). Let s(m) = -p + m + m**2 + 0 + 2. Give s(1).
1
Let z(i) be the first derivative of i**3/3 - 3*i**2 + 3*i - 5. Determine z(2).
-5
Let n(k) be the first derivative of k**4/4 + k**3/3 - 3*k - 8. Give n(0).
-3
Suppose -y + 6*y = 2*g + 15, 5*y - g - 20 = 0. Let o(t) = 3*t - y*t + 2 + t. What is o(1)?
1
Let t(p) = -2*p**2 + 13*p + 10. Let g be t(7). Let c(y) = -2 + y**2 - 2 + 6*y - 4*y. What is c(g)?
11
Let p be 42/6 + -6 - (1 - 0). Let r(a) = a**3 + 5. Give r(p).
5
Let h = -87 + 170. Suppose -h + 23 = 5*c. Let r be (c/9)/((-1)/3). Let m(n) = -n**2 + 6*n - 5. What is m(r)?
3
Let s(j) = j**3 + 5*j**2 + j + 6. Let u be (-4)/(-6) - (-32)/6. Suppose 5*w = 4*d + 75, -u*d + d + 2*w = 81. Let z be (d/(-9))/(1/(-3)). Give s(z).
1
Let p(v) be the first derivative of -v**3/3 + 3*v**2/2 - 2*v + 3. Give p(3).
-2
Let z(c) = -2 + c + 2 + 2. Give z(-6).
-4
Suppose -4*a + 28 = 3*h + h, -3*h = -a - 9. Let u(f) = f**3 - 3*f**2 - f + 3. Give u(a).
0
Let o(r) = r - 1. Let q(j) = -4*j + 6. Let b(g) = 6*o(g) + q(g). Suppose 3*a = -2*s - 3*s - 19, s - 10 = 4*a. Give b(a).
-6
Let z(t) = 6*t**3 + 4*t**2 + 2*t + 11. Let j(p) = 5*p**3 + 4*p**2 + p + 10. Let d(n) = -7*j(n) + 6*z(n). Let s(a) = 3*a - 9. Let w be s(4). What is d(w)?
2
Let n(g) be the second derivative of g**5/20 - 5*g**4/12 + g**3/3 - 5*g. Let c(i) = -i + 1. Let r be c(-1). Calculate n(r).
-8
Suppose -4*m - f - 12 = 0, -2*m + 2*f - 4 = 2. Let o = m - -1. Let g(d) = d**3 + 2*d**2 - 2*d - 2. Calculate g(o).
2
Let w = -21 - -24. Let z be 6/(-2)*(-16)/(-6). Let j = z + w. Let c(o) = -o**2 - 5*o + 6. Calculate c(j).
6
Let p(f) = -f**2 + 6. Suppose 2*b + 2 = -3*z, -3 = -3*z + 4*b - b. What is p(z)?
6
Suppose 2*s + 4 = -0. Let v be 2/(-7) + 99/(-21). Let x = s - v. Let z(l) = 2*l - 4. Calculate z(x).
2
Let m(o) = 6*o**3 + o**2 - 2*o + 1. Let a(h) = h**2 + 7*h - 7. Let v be a(-8). Determine m(v).
6
Let m(k) = -2*k - 4. Let a be m(-5). Let z(o) = a + 3*o - 3*o + o + o**2. Calculate z(0).
6
Let b(h) = -h**3 + 4*h**2 - 3*h - 2. Let f = -81 + 84. Determine b(f).
-2
Let y(x) = -x + 19. Let r(u) = 2*u - 27. Let s(m) = m - 14. Let f(h) = 4*r(h) - 7*s(h). Let w(c) = 7*f(c) + 4*y(c). Give w(-4).
-6
Let h(w) be the second derivative of w**5/20 - w**4/4 - 5*w**3/6 + 5*w**2/2 + 5*w. What is h(4)?
1
Let h(m) = 3*m**3 - 5*m**2 + 3*m - 12. Let p(q)